ivisor of 106 and a?
106
Suppose 7*s = 155 + 2197. Suppose 7*d = -d + s. What is the greatest common factor of d and 14?
14
Let a(y) = y**2 + 3*y + 2. Let h be a(12). What is the highest common factor of 14 and h?
14
Let f = -13 - -31. Let s be 873/f - 2/4. What is the highest common factor of 32 and s?
16
Suppose 734 = 5*p + o - 261, 2*p - 391 = o. Calculate the highest common divisor of p and 90.
18
Suppose -42*y = -12*y - 9450. Calculate the highest common factor of 63 and y.
63
Let y be (1*6)/(6 + 45/(-10)). Suppose -2*r + 3*l = -78, -r - 160 = -5*r + y*l. Calculate the highest common divisor of 56 and r.
14
Suppose 0 = -5*a - 44 - 6. Let u = a - -10. Suppose u*m = 2*m - 22. Calculate the highest common divisor of 55 and m.
11
Suppose -11*w + 224 + 29 = 0. What is the greatest common divisor of 4 and w?
1
Let a(i) = 81*i + 2220. Let d be a(-27). Let b = -5 + 7. Let o = 1 + b. Calculate the greatest common factor of d and o.
3
Let t(v) = -9*v - 12. Let o be t(-14). Let p = o + -87. What is the greatest common divisor of 54 and p?
27
Let w(y) = 6*y**2 - 8*y - 24. Let d be w(-3). Calculate the highest common divisor of d and 126.
18
Suppose 5*q = -4*w + 194 + 56, 2*w = 2*q - 82. Suppose 16 = -2*i + q. Let s be 14 + 464/(-32) + 62/4. Calculate the highest common factor of i and s.
15
Let v(j) = j**3 + 16*j**2 + 10*j - 5. Let w be v(-15). Calculate the highest common factor of w and 84.
14
Suppose -2*g + 6*g - 208 = 0. Let t be (-2 + -7 + 12)/(6/8). Calculate the highest common factor of g and t.
4
Suppose m + 3*q - 4 = 0, -22 = 3*m - 5*q + 8. Let d(t) = 2*t**2 + 2*t + 2. Let j be d(m). What is the greatest common divisor of j and 28?
14
Let n = -665 - -951. Suppose -4*x = 20, -2*a + n = -3*x - 109. Calculate the highest common factor of 38 and a.
38
Suppose 6*i + 4 = 7*i. Suppose 22 = i*a + 82. Let v be 2*a/(-12)*2. Calculate the greatest common factor of v and 1.
1
Suppose -2*b + f + 27 = 0, 5*b - 2*b = -10*f + 29. What is the highest common factor of 1937 and b?
13
Suppose 26*h - 1344 = 5*h. What is the highest common factor of h and 832?
64
Suppose -78 = -z - 12*n + 10*n, -z - 4*n = -72. What is the greatest common factor of z and 294?
42
Let v(z) = 4*z**2 + 25*z + 8. Let q be v(-9). What is the greatest common factor of q and 3317?
107
Let t be 11 + (12/(-3))/4. Let u = t - -14. Suppose u - 174 = -5*l. What is the highest common factor of l and 30?
30
Suppose 4*t - 447 = 241. Calculate the highest common divisor of t and 43.
43
Suppose 0 = -16*x + 7*x + 2916. What is the highest common factor of 81 and x?
81
Let v(d) = 16*d**2 + d - 1. Let k be v(1). Let w = k + -17. Let b be 58 - (-8)/4*w. Calculate the highest common factor of 14 and b.
14
Suppose -10*p = -220 - 60. Let o = 29 + -15. What is the greatest common factor of p and o?
14
Let w(q) = q**3 - 2*q**2 - 2*q - 1. Let h be w(5). Let o be ((-36)/(-15))/((-8)/(800/(-15))). Calculate the highest common divisor of h and o.
16
Suppose 0 = 8*x - 14*x + 804. Suppose 0 = 7*v - 118 - x. Calculate the greatest common divisor of 6 and v.
6
Suppose 4*c - 73 = 11. Let x be (-77)/(1/(-2)*(-2)/(-3)). Calculate the greatest common divisor of c and x.
21
Let t be (19 + -35)*1/(-2). Let m(u) = 2*u**2 - 8*u + 8. Let g be m(t). Calculate the highest common divisor of g and 9.
9
Suppose 7 + 18 = m. Let o = 115 + m. What is the greatest common divisor of o and 20?
20
Let v(o) = o + 22. Let j be v(-17). Suppose 4*z - j*z - 5*d = 9, d = -3. What is the greatest common factor of 60 and z?
6
Let m = -519 + 1602. What is the highest common factor of m and 57?
57
Let b be 4/16 - (-287)/4. Let l = b - -53. Suppose j - 24 = 26. What is the highest common factor of l and j?
25
Let u be ((-3)/2)/(-13 + (-361)/(-28)). Calculate the greatest common divisor of u and 301.
7
Let n(v) = v**2 - 9*v + 17. Let f be n(7). Suppose -f*o + 79 = 4*t, -2*o + 1 + 9 = 0. Calculate the greatest common factor of t and 8.
8
Suppose 27*v - 990 = -6*v. Calculate the greatest common divisor of 1125 and v.
15
Let w = -172 - -277. What is the highest common factor of 175 and w?
35
Let i = -2 - -10. Suppose 3*v - 20 = -i. Let y be (67 - -5)*(-2)/(-4). Calculate the highest common factor of v and y.
4
Suppose 4*v + 23 = 7*v - t, -2*v + 4*t + 22 = 0. Suppose -2*m = -5*g - 11, -5*g = 2*m + 6 - v. What is the highest common factor of 9 and m?
3
Let j(w) = w**2 - 11*w + 28. Let s be j(8). Let v(f) = -f**3 - 8*f**2 - 4*f - 18. Let t be v(-8). Calculate the greatest common factor of s and t.
2
Let h(y) = 4*y**2 + 2*y - 6. Let i be h(-3). Suppose 0 = 3*d - 21 - i. Calculate the highest common divisor of 165 and d.
15
Suppose 1878*t - 1880*t = 5*c - 1242, -1270 = -5*c + 5*t. Let q be -1 + (-3 + 0)*-17. What is the greatest common divisor of q and c?
50
Suppose s + g = -2*s + 35, -3*s + 2*g = -29. Let l(i) = -20*i**3 + 10*i**3 + 72 + s*i**3. Let a be l(0). What is the highest common factor of a and 9?
9
Let v be 1 + 39 - ((0 - 8) + 16). Calculate the greatest common factor of 2112 and v.
32
Let w = -111 + 407. Let c be (w/(-8))/(-1*1). Calculate the highest common divisor of 296 and c.
37
Let p be -1*2/(-3)*3. Suppose -5*l + 156 = p*c, 122 = 4*l + 2*c - 2. What is the greatest common divisor of l and 160?
32
Let j be 8/(-1) + 53 + -25. What is the greatest common divisor of j and 460?
20
Let d(t) = -t**2 - 16*t + 39. Let m be d(-17). Calculate the greatest common divisor of m and 2.
2
Let m(i) be the first derivative of 2*i**3/3 + 19*i**2 + 4*i - 30. Let h be m(-21). Calculate the greatest common factor of 132 and h.
44
Suppose 5*k - 4*k + h = -39, 0 = -3*h + 12. Let v = k - -52. What is the highest common factor of 18 and v?
9
Let p = -8 + 12. Suppose -8 = -2*u - p*w, 2*u = u + 5*w + 4. Suppose -2*a + 8 = 0, 31 + 73 = 4*q - u*a. Calculate the greatest common factor of q and 20.
10
Let m(z) = -10*z - 10. Suppose -3*q = -6*q - 21. Let p be m(q). Calculate the highest common factor of p and 90.
30
Let f be 5/(30/(-4))*(-3 + -3). Suppose -f = p + 3*p, p = x - 161. What is the greatest common factor of x and 20?
20
Suppose 19*m + 20*m = 1482. Let q = 37 + 1. What is the greatest common factor of m and q?
38
Suppose 0*i + 5*f = -2*i + 108, 5*i - 5*f = 235. Calculate the greatest common factor of i and 7.
7
Let p(h) = -2*h + 1. Let w be p(-7). Let l = 54 - w. Let x(d) = d**2 + 2*d - 2. Let f be x(-5). What is the greatest common factor of f and l?
13
Let d(i) = i**2 + 4*i + 78. Let t be d(-13). Calculate the greatest common factor of t and 39.
39
Let c(s) = -s**2 + 4. Let a be c(0). Calculate the greatest common factor of 18 and a.
2
Let n = 22 + -26. Let s be 16/n + 95/5. What is the greatest common factor of 75 and s?
15
Let j be (3 + (-31)/(-2))*2. Calculate the greatest common divisor of j and 925.
37
Suppose 4*k = 2*z + 7070, 5310 = 3*k + 59*z - 58*z. What is the greatest common factor of k and 29?
29
Suppose 5*w - w = -5*j + 349, -4*w + 347 = 3*j. Calculate the highest common divisor of 1634 and w.
86
Let i = 140 + -133. Suppose -c = -i*c + 36. What is the greatest common divisor of 18 and c?
6
Suppose q - 5*l - 17 = -2*q, 3*l = -12. Let w be (-2)/(q + -3)*96. Calculate the highest common factor of w and 16.
16
Let p be ((-9)/(-6) - 2)*-4 - 3. Let o be 3 - (-8 - (-3)/(-1) - p). What is the greatest common divisor of 117 and o?
13
Let a = -133 + 78. Let h = a - -67. What is the highest common factor of 20 and h?
4
Suppose 18*q - 43*q = -150. Calculate the highest common factor of q and 21.
3
Suppose 5*r - 167 = t, -4*r - t + 0*t + 130 = 0. Suppose -23 = -l + r. Calculate the greatest common factor of 7 and l.
7
Let v be (-22 + 0)*27/(-18). Suppose -2*l - 4 + 26 = 0. What is the greatest common factor of l and v?
11
Suppose p + 5*j = 28, 3*j - 45 = -5*p + 7. What is the greatest common factor of p and 4?
4
Let i(m) = -3*m**2 - 3 - 6*m + 4*m**2 - 2*m**2. Let v be i(-6). Let a be (392/42)/((-2)/v). Calculate the greatest common factor of 14 and a.
14
Let b be -18*4*(-2 - -1). Let v(q) = -4*q - 15. Suppose 3*w - 2*u = -24, 0*w + 2*u = 5*w + 36. Let p be v(w). Calculate the highest common divisor of b and p.
9
Let v = -410 - -548. Calculate the greatest common divisor of 6 and v.
6
Let v(x) = 41*x + 145. Let t be v(-3). Calculate the highest common di